 78 a factor of 1560?
True
Is 35 a factor of 29247?
False
Does 21 divide 1176?
True
Is 5683 a multiple of 57?
False
Is 2574 a multiple of 26?
True
Is 67025 a multiple of 150?
False
Is 2379 a multiple of 39?
True
Is 5054 a multiple of 37?
False
Is 3 a factor of 24?
True
Is 20 a factor of 125255?
False
Is 21 a multiple of 2?
False
Is 184 a multiple of 8?
True
Is 86 a factor of 32508?
True
Is 218 a multiple of 47?
False
Does 43 divide 15751?
False
Does 21 divide 4011?
True
Is 656 a multiple of 21?
False
Is 273 a multiple of 91?
True
Does 5 divide 11290?
True
Is 11 a factor of 121110?
True
Is 6 a factor of 62?
False
Does 28 divide 224?
True
Does 22 divide 2420?
True
Is 5932 a multiple of 6?
False
Does 9 divide 16735?
False
Is 3830 a multiple of 6?
False
Does 16 divide 800?
True
Does 5 divide 100?
True
Is 9 a factor of 1843?
False
Is 63 a factor of 2288?
False
Is 80 a multiple of 5?
True
Is 275 a multiple of 28?
False
Is 396 a multiple of 12?
True
Does 71 divide 2369?
False
Is 7 a factor of 449?
False
Is 107 a factor of 1177?
True
Does 41 divide 5040?
False
Does 120 divide 4761?
False
Is 3 a factor of 2868?
True
Is 660 a multiple of 6?
True
Is 13 a factor of 338?
True
Is 2 a factor of 16882?
True
Does 2 divide 25?
False
Does 6 divide 420?
True
Does 53 divide 665?
False
Does 12 divide 16398?
False
Does 5 divide 404?
False
Is 2041 a multiple of 13?
True
Is 117 a factor of 8541?
True
Does 9 divide 51258?
False
Is 5280 a multiple of 30?
True
Is 96 a factor of 23424?
True
Is 9102 a multiple of 19?
False
Does 41 divide 39934?
True
Does 3 divide 672?
True
Is 4730 a multiple of 114?
False
Is 46 a factor of 10948?
True
Does 14 divide 147308?
True
Does 14 divide 3473?
False
Is 447 a multiple of 53?
False
Is 1459 even?
False
Is 6 a factor of 6210?
True
Does 91 divide 2639?
True
Is 5 a factor of 19423?
False
Is 329 a multiple of 5?
False
Does 4 divide 120?
True
Is 4 a factor of 224?
True
Is 4 a factor of 3576?
True
Is 19 a factor of 19?
True
Does 6 divide 1878?
True
Is 10 a factor of 430?
True
Is 630 a multiple of 30?
True
Does 115 divide 69248?
False
Is 11670 a multiple of 116?
False
Does 33 divide 429?
True
Is 2922 a multiple of 42?
False
Is 27 a factor of 17091?
True
Is 1379 a multiple of 2?
False
Does 4 divide 136?
True
Is 121 a multiple of 11?
True
Is 3 a factor of 952?
False
Does 35 divide 12005?
True
Does 16 divide 5200?
True
Does 13 divide 69992?
True
Is 171 a multiple of 3?
True
Is 8 a factor of 496?
True
Is 19 a factor of 180?
False
Is 4 a factor of 354?
False
Does 15 divide 255?
True
Is 46614 a multiple of 46?
False
Is 6 a factor of 433?
False
Is 116 a factor of 15075?
False
Is 8260 a multiple of 28?
True
Is 10865 a multiple of 44?
False
Is 11 a factor of 3805?
False
Is 28 a factor of 840?
True
Is 35 a factor of 1011?
False
Is 43 a factor of 2917?
False
Does 17 divide 361?
False
Is 17 a factor of 5457?
True
Is 60 a factor of 4298?
False
Is 18 a factor of 784?
False
Is 51 a factor of 1084?
False
Is 27 a factor of 11928?
False
Does 13 divide 1833?
True
Is 83 a factor of 1354?
False
Is 810 a multiple of 15?
True
Is 3290 a multiple of 70?
True
Does 54 divide 56106?
True
Is 60175 a multiple of 145?
True
Is 17 a factor of 1055?
False
Is 14 a factor of 534?
False
Is 216 a multiple of 27?
True
Is 296 a multiple of 14?
False
Is 70 a factor of 6679?
False
Does 125 divide 1000?
True
Does 7 divide 308?
True
Is 58 a factor of 953?
False
Does 8 divide 58400?
True
Is 8 a factor of 20040?
True
Is 1704 a multiple of 4?
True
Is 51090 a multiple of 13?
True
Is 46 a factor of 1377?
False
Is 27 a factor of 1539?
True
Does 204 divide 8833?
False
Is 15 a factor of 331?
False
Is 2619 a multiple of 64?
False
Is 4 a factor of 200?
True
Is 14924 a multiple of 3?
False
Is 1269 a multiple of 22?
False
Is 4999 a multiple of 11?
False
Is 514 a multiple of 10?
False
Is 12361 a multiple of 47?
True
Does 28 divide 278?
False
Does 25 divide 75?
True
Is 43 a factor of 1146?
False
Is 7857 a multiple of 81?
True
Does 14 divide 39954?
False
Is 58 a factor of 1676?
False
Does 16 divide 20144?
True
Is 2217 a multiple of 49?
False
Is 13 a factor of 196?
False
Is 1246 a multiple of 38?
False
Does 36 divide 623?
False
Does 16 divide 72?
False
Does 3 divide 26511?
True
Is 15980 a multiple of 45?
False
Is 424 a multiple of 8?
True
Is 7070 a multiple of 101?
True
Is 324 a multiple of 18?
True
Is 295 a multiple of 5?
True
Is 36 a factor of 2055?
False
Does 28 divide 3371?
False
Is 7 a factor of 1043?
True
Is 711 a multiple of 4?
False
Is 10275 a multiple of 137?
True
Does 40 divide 760?
True
Is 2 a factor of 98?
True
Does 12 divide 16528?
False
Does 19 divide 418?
True
Is 46 a factor of 20470?
True
Does 50 divide 660?
False
Does 59 divide 1534?
True
Is 138751 a multiple of 199?
False
Does 3 divide 2953?
False
Does 4 divide 626?
False
Is 79 a factor of 20058?
False
Does 103 divide 1339?
True
Does 24 divide 240?
True
Is 3042 a multiple of 8?
False
Is 65196 a multiple of 58?
False
Is 14 a factor of 62?
False
Is 250 a multiple of 12?
False
Is 28 a factor of 7448?
True
Is 14990 a multiple of 239?
False
Is 81 a multiple of 27?
True
Does 191 divide 7453?
False
Is 15 a factor of 14775?
True
Is 180 a factor of 19880?
False
Does 205 divide 3895?
True
Does 25 divide 33075?
True
Is 11 a factor of 283?
False
Does 89 divide 2314?
True
Is 27065 a multiple of 33?
False
Does 19 divide 15680?
False
Does 5 divide 7980?
True
Is 49 a factor of 637?
True
Is 7 a factor of 960?
False
Does 54 divide 5023?
False
Does 6 divide 17202?
True
Is 21 a factor of 1426?
False
Is 1400 a multiple of 40?
True
Is 9 a factor of 4971?
False
Does 5 divide 14570?
True
Is 129 a factor of 85398?
True
Is 9 a factor of 810?
True
Is 20 a factor of 7900?
True
Does 42 divide 1739?
False
Does 104 divide 116480?
True
Is 20 a factor of 16317?
False
Is 3885 a multiple of 5?
True
Does 57 divide 2635?
False
Does 157 divide 1413?
True
Does 44 divide 3697?
False
Does 15 divide 15?
True
Does 15 divide 210?
True
Does 71 divide 13209?
False
Is 16 a factor of 90352?
True
Is 114 a factor of 517?
False
Is 71354 a multiple of 132?
False
Is 3696 a multiple of 14?
True
Is 30 a factor of 167?
False
Does 103 divide 14137?
False
Is 10 a factor of 250?
True
Does 11 divide 14155?
False
Is 31 a factor of 23308?
False
Is 114 a factor of 4902?
True
Is 2667 a multiple of 91?
False
Is 336 a multiple of 84?
True
Is 58 a factor of 7598?
True
Is 3421 a multiple of 16?
False
Is 10350 a multiple of 69?
True
Is 397 even?
False
Is 92 a multiple of 4?
True
Is 17378 a multiple of 7?
False
Is 149 a factor of 15595?
False
Is 55 a multiple of 8?
False
Is 528 a multiple of 16?
True
Does 27 divide 826?
False
Does 23 divide 552?
True
Does 4 divide 118?
False
Does 124 divide 744?
True
Is 18 a factor of 726?
False
Does 35 divide 2304?
False
Is 576 a multiple of 32?
True
Does 4 divide 10382?
False
Is 22 a factor of 792?
True
Is 10 a factor of 864?
False
Is 54 a factor of 9288?
True
Is 27504 a multiple of 48?
True
Does 3 divide 783?
True
Is 10 a factor of 200?
True
Does 15 divide 29985?
True
Does 17 divide 1035?
False
Does 14 divide 1946?
True
Is 532 a multiple of 33?
False
Does 205 divide 15118?
False
Is 546 a multiple of 14?
True
Is 18326 a multiple of 14?
True
Is 6992 a multiple of 152?
True
Is 9773 a multiple of 29?
True
Is 589 a multiple of 5?
False
Is 609 a multiple of 10?
False
Does 42 divide 4066?
False
Is 103 a factor of 29149?
True
Is 94 a factor of 151?
False
Is 4299 a multiple of 131?
False
Is 1568 a multiple of 7?
True
Is 15323 a multiple of 111?
False
Is 28 a factor of 3689?
False
Is 11 a factor of 10275?
False
Is 23 a factor of 1426?
True
Is 108 a multiple of 10?
False
Is 25769 a multiple of 5?
False
Is 30780 a multiple of 190?
True
Is 12 a factor of 624?
True
Is 2 a factor of 3425?
False
Is 228 a factor of 11172?
True
Does 25 divide 19410?
False
Does 23 divide 16152?
False
Is 110 a factor of 11552?
False
Does 148 divide 12057?
False
Is 94 a factor of 4700?
True
Is 66 a factor of 3215?
False
Is 33 a factor of 7491?
True
Is 5 a factor of 27018?
False
Is 90 a multiple of 67?
False
Is 482 a multiple of 4?
False
Is 54619 a multiple of 7?
False
Does 54 divide 242?
False
Does 8 divide 48?
True
Is 80 a factor of 3200?
True
Is 44 a factor of 9064?
True
Is 10338 a multiple of 6?
